{"id":1093,"date":"2017-06-24T13:31:24","date_gmt":"2017-06-24T12:31:24","guid":{"rendered":"http:\/\/nasforum.org\/?page_id=1093"},"modified":"2026-02-27T17:31:48","modified_gmt":"2026-02-27T16:31:48","slug":"info","status":"publish","type":"page","link":"https:\/\/nasmembers.org\/index.php\/info\/","title":{"rendered":"Info"},"content":{"rendered":"<p><strong>This is not a list of members, but an opportunity for NAS members to present themselves. English version below<\/strong><br \/>\n<strong>Dette er ikke en medlemsliste, men en platform, hvor NAS-medlemmer f\u00e5r mulighed for at pr\u00e6sentere sig.<\/strong><br \/>\nAlle NAS-medlemmer er velkomne til gratis at f\u00e5 vist en pr\u00e6sentation p\u00e5 disse sider med billeder og tekst.<br \/>\nVi forbeholder os ret til besk\u00e6ring og redigering.<br \/>\nTekster og fotos kan fornys \u00e9n gang om \u00e5ret. Kontaktinformationer kan dog \u00e6ndres ved behov.<br \/>\nSend den \u00f8nskede information til webredakt\u00f8r Marianne Gross: <a href=\"mailto:mg@mariannegross.dk\">mg@mariannegross.dk<\/a><\/p>\n<p>&#8211; Navn<br \/>\n&#8211; Land<br \/>\n&#8211; Medlemsnummer<br \/>\n&#8211; Kontaktinfo: mail, telefon, postadresse (mindst \u00e9n kontaktmulighed)<br \/>\n&#8211; Webside (hvis du har; hvis du \u00f8nsker kan du v\u00e6lge enten Facebook eller Instagram i stedet for en webside)<br \/>\n&#8211; 1-3 fotos af egne akvarelv\u00e6rker (jpg, ca 500 kb pr stk)<br \/>\n&#8211; Profilfoto, jpg, ca 500 kb (valgfrit)<br \/>\n&#8211; Tekst, max. 500 anslag (valgfrit)<\/p>\n<p>Alle billeder m\u00e5 v\u00e6re egne originalv\u00e6rker og m\u00e5 ikke stride mod andre ophavsrettigheder. Ved indsendelse af billeder accepteres, at Nordiska Akvarells\u00e4llskapet kan reproducere billederne frit\/omkostningsfrit i markedsf\u00f8ring eller i andre sammenh\u00e6nge s\u00e5vel p\u00e5 tryk som digitalt.<\/p>\n<p>I hvert nummer af medlemsbladet <em>akvarellen<\/em> pr\u00e6senterer redakt\u00f8ren et af billederne fra nasmembers.org-siden<\/p>\n<p>Denne webside er ikke en egentlig og komplet medlemsliste, da s\u00e5danne informationer ikke m\u00e5 offentligg\u00f8res uden samtykke.<br \/>\nSiden er et frivilligt tilbud, og hvert medlem indest\u00e5r selv for oplysningerne.<\/p>\n<p><em>All NAS-members are welcome to send information (text and\/or images)to be included in the presentation section of this website. This is a free service. Editing rights are reserved. <\/em><em>Texts and photos may be renewed annually. Contact information may be renewed when needed. Send the information to the web editor Marianne Gross:<a href=\"mailto:mg@mariannegross.dk\">mg@mariannegross.dk<\/a><\/em><\/p>\n<p>&#8211; <em>Name<br \/>\n&#8211; Country<\/em><br \/>\n&#8211; <em>Membership number<\/em><br \/>\n&#8211; <em>Contact information: e-mail, phone, postal address (at least one of the mentioned)<br \/>\n&#8211; Website (if you have one; if you wish you may choose either Facebook or Instagram instead of a website)<br \/>\n&#8211; 1-3 photos of your watercolour works (jpg, app 500 kb each)<br \/>\n<\/em>&#8211; <em>Profile photo, jpg, app 500 kb (optional)<\/em><br \/>\n&#8211; <em>Text, max. 500 characters (optional)<\/em><\/p>\n<p><em>All photos must be images of your own original works and may not violate any copyrights. By submitting images you accept that the Nordic Watercolour Society may reproduce the material free of charge as we see fit in print or digitally.<\/em><\/p>\n<p><em>In each issue of the <\/em>akvarellen<em> magazine the editor selects one image from the nasmembers.org website to be featured.<\/em><\/p>\n<p><em>This web site is not an actual or a full member list. We are not allowed to publicise such information. This is a voluntary opportunity for members to present themselves, and members are responsible for their own information<\/em><\/p>\n<p>&nbsp;<\/p>\n","protected":false},"excerpt":{"rendered":"<p>This is not a list of members, but an opportunity for NAS members to present themselves. English version below Dette er ikke en medlemsliste, men en platform, hvor NAS-medlemmer f\u00e5r mulighed for at pr\u00e6sentere sig. Alle NAS-medlemmer er velkomne til gratis at f\u00e5 vist en pr\u00e6sentation p\u00e5 disse sider med billeder og tekst. Vi forbeholder [&hellip;]<\/p>\n","protected":false},"author":1,"featured_media":0,"parent":0,"menu_order":0,"comment_status":"closed","ping_status":"closed","template":"","meta":{"_bbp_topic_count":0,"_bbp_reply_count":0,"_bbp_total_topic_count":0,"_bbp_total_reply_count":0,"_bbp_voice_count":0,"_bbp_anonymous_reply_count":0,"_bbp_topic_count_hidden":0,"_bbp_reply_count_hidden":0,"_bbp_forum_subforum_count":0,"footnotes":""},"class_list":["post-1093","page","type-page","status-publish","hentry"],"_links":{"self":[{"href":"https:\/\/nasmembers.org\/index.php\/wp-json\/wp\/v2\/pages\/1093","targetHints":{"allow":["GET"]}}],"collection":[{"href":"https:\/\/nasmembers.org\/index.php\/wp-json\/wp\/v2\/pages"}],"about":[{"href":"https:\/\/nasmembers.org\/index.php\/wp-json\/wp\/v2\/types\/page"}],"author":[{"embeddable":true,"href":"https:\/\/nasmembers.org\/index.php\/wp-json\/wp\/v2\/users\/1"}],"replies":[{"embeddable":true,"href":"https:\/\/nasmembers.org\/index.php\/wp-json\/wp\/v2\/comments?post=1093"}],"version-history":[{"count":21,"href":"https:\/\/nasmembers.org\/index.php\/wp-json\/wp\/v2\/pages\/1093\/revisions"}],"predecessor-version":[{"id":5119,"href":"https:\/\/nasmembers.org\/index.php\/wp-json\/wp\/v2\/pages\/1093\/revisions\/5119"}],"wp:attachment":[{"href":"https:\/\/nasmembers.org\/index.php\/wp-json\/wp\/v2\/media?parent=1093"}],"curies":[{"name":"wp","href":"https:\/\/api.w.org\/{rel}","templated":true}]}}